{"id":11,"date":"2015-03-18T20:33:34","date_gmt":"2015-03-18T20:33:34","guid":{"rendered":"http:\/\/2015.tampere.wordcamp.org\/?page_id=11"},"modified":"2015-05-06T14:09:09","modified_gmt":"2015-05-06T11:09:09","slug":"tickets","status":"publish","type":"page","link":"https:\/\/finland.wordcamp.org\/2015\/tickets\/","title":{"rendered":"Tickets"},"content":{"rendered":"<p>Your WordCamp Finland\u00a02015 Conference ticket covers one\u00a0conference day (Friday), lunch and coffee, workshops on Saturday, a t-shirt (correct size not guaranteed) and entrance to the after-party on Friday evening.<\/p>\n<p>Registration for the workshops will open separately.<\/p>\n<p><em>Lippusi vuoden 2015 WordCamp Finlandiin sis\u00e4lt\u00e4\u00e4 yhden konferenssip\u00e4iv\u00e4n (perjantai), lounaan, kahvin, lauantain workshopit, t-paidan ja p\u00e4\u00e4syn perjantain iltabileisiin. Rekister\u00f6ityminen launtain workshopeihin avataan erikseen.<\/em><\/p>\n<a href=\"https:\/\/finland.wordcamp.org\/2015\/tickets\/\">Please view this page in a browser to purchase or manage tickets.<\/a>\n","protected":false},"excerpt":{"rendered":"<p>Your WordCamp Finland\u00a02015 Conference ticket covers one\u00a0conference day (Friday), lunch and coffee, workshops on Saturday, a t-shirt (correct size not guaranteed) and entrance to the after-party on Friday evening. Registration for the workshops will open separately. Lippusi vuoden 2015 WordCamp Finlandiin sis\u00e4lt\u00e4\u00e4 yhden konferenssip\u00e4iv\u00e4n (perjantai), lounaan, kahvin, lauantain workshopit, t-paidan ja p\u00e4\u00e4syn perjantain iltabileisiin. Rekister\u00f6ityminen &hellip; <a href=\"https:\/\/finland.wordcamp.org\/2015\/tickets\/\" class=\"more-link\">Continue reading <span class=\"screen-reader-text\">Tickets<\/span><\/a><\/p>\n","protected":false},"author":5422250,"featured_media":0,"parent":0,"menu_order":0,"comment_status":"closed","ping_status":"closed","template":"","meta":{"jetpack_post_was_ever_published":false,"footnotes":""},"class_list":["post-11","page","type-page","status-publish","hentry"],"jetpack_sharing_enabled":false,"jetpack_shortlink":"https:\/\/wp.me\/P5sSjD-b","_links":{"self":[{"href":"https:\/\/finland.wordcamp.org\/2015\/wp-json\/wp\/v2\/pages\/11","targetHints":{"allow":["GET"]}}],"collection":[{"href":"https:\/\/finland.wordcamp.org\/2015\/wp-json\/wp\/v2\/pages"}],"about":[{"href":"https:\/\/finland.wordcamp.org\/2015\/wp-json\/wp\/v2\/types\/page"}],"author":[{"embeddable":true,"href":"https:\/\/finland.wordcamp.org\/2015\/wp-json\/wp\/v2\/users\/5422250"}],"replies":[{"embeddable":true,"href":"https:\/\/finland.wordcamp.org\/2015\/wp-json\/wp\/v2\/comments?post=11"}],"version-history":[{"count":10,"href":"https:\/\/finland.wordcamp.org\/2015\/wp-json\/wp\/v2\/pages\/11\/revisions"}],"predecessor-version":[{"id":730,"href":"https:\/\/finland.wordcamp.org\/2015\/wp-json\/wp\/v2\/pages\/11\/revisions\/730"}],"wp:attachment":[{"href":"https:\/\/finland.wordcamp.org\/2015\/wp-json\/wp\/v2\/media?parent=11"}],"curies":[{"name":"wp","href":"https:\/\/api.w.org\/{rel}","templated":true}]}}