{"id":570,"date":"2015-04-10T10:06:40","date_gmt":"2015-04-10T07:06:40","guid":{"rendered":"https:\/\/2015.finland.wordcamp.org\/?page_id=570"},"modified":"2015-05-06T13:51:21","modified_gmt":"2015-05-06T10:51:21","slug":"sponsorvolunteerspeaker-tickets","status":"publish","type":"page","link":"https:\/\/finland.wordcamp.org\/2015\/sponsorvolunteerspeaker-tickets\/","title":{"rendered":"Sponsor\/Volunteer\/Speaker tickets"},"content":{"rendered":"<p>Lippusi vuoden 2015 WordCamp Finlandiin sis\u00e4lt\u00e4\u00e4 yhden konferenssip\u00e4iv\u00e4n (perjantai), lounaan, kahvin, lauantain workshopit, t-paidan ja p\u00e4\u00e4syn perjantain iltabileisiin. Rekister\u00f6ityminen launtain workshopeihin avataan erikseen.<\/p>\n","protected":false},"excerpt":{"rendered":"<p>Lippusi vuoden 2015 WordCamp Finlandiin sis\u00e4lt\u00e4\u00e4 yhden konferenssip\u00e4iv\u00e4n (perjantai), lounaan, kahvin, lauantain workshopit, t-paidan ja p\u00e4\u00e4syn perjantain iltabileisiin. Rekister\u00f6ityminen launtain workshopeihin avataan erikseen.<\/p>\n","protected":false},"author":5422250,"featured_media":0,"parent":0,"menu_order":0,"comment_status":"closed","ping_status":"closed","template":"","meta":{"jetpack_post_was_ever_published":false,"footnotes":""},"class_list":["post-570","page","type-page","status-publish","hentry"],"jetpack_sharing_enabled":true,"jetpack_shortlink":"https:\/\/wp.me\/P5sSjD-9c","_links":{"self":[{"href":"https:\/\/finland.wordcamp.org\/2015\/wp-json\/wp\/v2\/pages\/570","targetHints":{"allow":["GET"]}}],"collection":[{"href":"https:\/\/finland.wordcamp.org\/2015\/wp-json\/wp\/v2\/pages"}],"about":[{"href":"https:\/\/finland.wordcamp.org\/2015\/wp-json\/wp\/v2\/types\/page"}],"author":[{"embeddable":true,"href":"https:\/\/finland.wordcamp.org\/2015\/wp-json\/wp\/v2\/users\/5422250"}],"replies":[{"embeddable":true,"href":"https:\/\/finland.wordcamp.org\/2015\/wp-json\/wp\/v2\/comments?post=570"}],"version-history":[{"count":2,"href":"https:\/\/finland.wordcamp.org\/2015\/wp-json\/wp\/v2\/pages\/570\/revisions"}],"predecessor-version":[{"id":821,"href":"https:\/\/finland.wordcamp.org\/2015\/wp-json\/wp\/v2\/pages\/570\/revisions\/821"}],"wp:attachment":[{"href":"https:\/\/finland.wordcamp.org\/2015\/wp-json\/wp\/v2\/media?parent=570"}],"curies":[{"name":"wp","href":"https:\/\/api.w.org\/{rel}","templated":true}]}}