{"id":8,"date":"2015-12-11T16:13:17","date_gmt":"2015-12-11T14:13:17","guid":{"rendered":"https:\/\/2016.finland.wordcamp.org\/speakers\/"},"modified":"2016-03-03T15:42:25","modified_gmt":"2016-03-03T13:42:25","slug":"speakers","status":"publish","type":"page","link":"https:\/\/finland.wordcamp.org\/2016\/speakers\/","title":{"rendered":"Speakers"},"content":{"rendered":"<p><span style=\"line-height: 1.75\">\n\t<div class=\"wcorg-speakers\">\n\n\t\t\n\t\t\t<!-- Organizers note: The id attribute is deprecated and only remains for backwards compatibility, please use the corresponding class to target individual speakers -->\n\t\t\t<div id=\"wcorg-speaker-liisa-benmergui\" class=\"wcorg-speaker wcorg-speaker-liisa-benmergui\">\n\t\t\t\t<h2>\n\t\t\t\t\t\n\t\t\t\t\t\tLiisa Benmergui\n\t\t\t\t\t\t\t\t\t<\/h2>\n\n\t\t\t\t<div class=\"wcorg-speaker-description\">\n\t\t\t\t\t<img alt='' src='https:\/\/secure.gravatar.com\/avatar\/ba433b89c76f45ecca47c4849c7171a22ec094f0f2222e3a979b9d3f2a8b3a3f?s=100&#038;d=mm&#038;r=g' srcset='https:\/\/secure.gravatar.com\/avatar\/ba433b89c76f45ecca47c4849c7171a22ec094f0f2222e3a979b9d3f2a8b3a3f?s=200&#038;d=mm&#038;r=g 2x' class='avatar avatar-100 photo' height='100' width='100' \/>\t\t\t\t\t<p>With over a decade of experience working as a UX and concept designer, Liisa Benmergui has had the pleasure of working with all manner of persons in the industry to create many digital products and services. She&#8217;s an attentive designer that sees beauty in boxes and arrows and she find that paper, markers and whiteboards are essential tools of my trade. She&#8217;s analytical to a point and then she likes to get her hands dirty with prototypes, mock ups and sparring with designers and developers alike in order to get the best design possible. She has worked on a number of services built on the WordPress platform and has come to understand the platform&#8217;s possibilities, as well as shortcomings, and is pleasantly surprised by its versatility, especially when working with skilled developers. She is currently a designer at <a href=\"https:\/\/www.frantic.com\/\" rel=\"nofollow\">Frantic.com<\/a>.<\/p>\n\t\t\t\t<\/div>\n\t\t\t<\/div>\n\n\t\t\n\t\t\t<!-- Organizers note: The id attribute is deprecated and only remains for backwards compatibility, please use the corresponding class to target individual speakers -->\n\t\t\t<div id=\"wcorg-speaker-aki-bjorklund\" class=\"wcorg-speaker wcorg-speaker-aki-bjorklund\">\n\t\t\t\t<h2>\n\t\t\t\t\t\n\t\t\t\t\t\tAki Bj\u00f6rklund\n\t\t\t\t\t\t\t\t\t<\/h2>\n\n\t\t\t\t<div class=\"wcorg-speaker-description\">\n\t\t\t\t\t<img alt='' src='https:\/\/secure.gravatar.com\/avatar\/0ae9e1d631fb68c32c15c0f79c79c2949114cef76180c8e62e859218ce31b1a2?s=100&#038;d=mm&#038;r=g' srcset='https:\/\/secure.gravatar.com\/avatar\/0ae9e1d631fb68c32c15c0f79c79c2949114cef76180c8e62e859218ce31b1a2?s=200&#038;d=mm&#038;r=g 2x' class='avatar avatar-100 photo' height='100' width='100' \/>\t\t\t\t\t<p>Aki Bj\u00f6rklund is a mostly self-taught web generalist. He has been developing websites since 2000. After 10 years of developing custom CMSs with Microsoft technologies for media companies, among other things, he had enough and switched to 100% WordPress. Aki is a founder and the CTO of <a href=\"https:\/\/h1.fi\/\">H1<\/a>, a Finnish WordPress agency.<\/p>\n\t\t\t\t<\/div>\n\t\t\t<\/div>\n\n\t\t\n\t\t\t<!-- Organizers note: The id attribute is deprecated and only remains for backwards compatibility, please use the corresponding class to target individual speakers -->\n\t\t\t<div id=\"wcorg-speaker-thomas-hurd\" class=\"wcorg-speaker wcorg-speaker-thomas-hurd\">\n\t\t\t\t<h2>\n\t\t\t\t\t\n\t\t\t\t\t\tThomas Hurd\n\t\t\t\t\t\t\t\t\t<\/h2>\n\n\t\t\t\t<div class=\"wcorg-speaker-description\">\n\t\t\t\t\t<img alt='' src='https:\/\/secure.gravatar.com\/avatar\/33b2818592fbe1c28dd571e68bc86ad7a50d35e42367e8805d115888c51ae298?s=100&#038;d=mm&#038;r=g' srcset='https:\/\/secure.gravatar.com\/avatar\/33b2818592fbe1c28dd571e68bc86ad7a50d35e42367e8805d115888c51ae298?s=200&#038;d=mm&#038;r=g 2x' class='avatar avatar-100 photo' height='100' width='100' \/>\t\t\t\t\t<p>Thomas Hurd is the Head of Design and Production at booncon PIXELS oy. He has a service and system design background with coding on the side.<\/p>\n\t\t\t\t<\/div>\n\t\t\t<\/div>\n\n\t\t\n\t\t\t<!-- Organizers note: The id attribute is deprecated and only remains for backwards compatibility, please use the corresponding class to target individual speakers -->\n\t\t\t<div id=\"wcorg-speaker-antti-kuosmanen\" class=\"wcorg-speaker wcorg-speaker-antti-kuosmanen\">\n\t\t\t\t<h2>\n\t\t\t\t\t\n\t\t\t\t\t\tAntti Kuosmanen\n\t\t\t\t\t\t\t\t\t<\/h2>\n\n\t\t\t\t<div class=\"wcorg-speaker-description\">\n\t\t\t\t\t<img alt='' src='https:\/\/secure.gravatar.com\/avatar\/9efa37940d5a2c1e8b0139915cadd76299b28cbf1bd644f85b5f009f8b0c6d8e?s=100&#038;d=mm&#038;r=g' srcset='https:\/\/secure.gravatar.com\/avatar\/9efa37940d5a2c1e8b0139915cadd76299b28cbf1bd644f85b5f009f8b0c6d8e?s=200&#038;d=mm&#038;r=g 2x' class='avatar avatar-100 photo' height='100' width='100' \/>\t\t\t\t\t<p>Antti Kuosmanen is an Open Source geek, WordPress evangelist at Seravo, founder of WP-palvelu.fi and author of many WordPress plugins.<\/p>\n\t\t\t\t<\/div>\n\t\t\t<\/div>\n\n\t\t\n\t\t\t<!-- Organizers note: The id attribute is deprecated and only remains for backwards compatibility, please use the corresponding class to target individual speakers -->\n\t\t\t<div id=\"wcorg-speaker-jussi-kinnula\" class=\"wcorg-speaker wcorg-speaker-jussi-kinnula\">\n\t\t\t\t<h2>\n\t\t\t\t\t\n\t\t\t\t\t\tJussi Kinnula\n\t\t\t\t\t\t\t\t\t<\/h2>\n\n\t\t\t\t<div class=\"wcorg-speaker-description\">\n\t\t\t\t\t<img alt='' src='https:\/\/secure.gravatar.com\/avatar\/40bde88622b55e1f8d0796ea7f675546697128da21fa03241e6ddb510f2bfb2e?s=100&#038;d=mm&#038;r=g' srcset='https:\/\/secure.gravatar.com\/avatar\/40bde88622b55e1f8d0796ea7f675546697128da21fa03241e6ddb510f2bfb2e?s=200&#038;d=mm&#038;r=g 2x' class='avatar avatar-100 photo' height='100' width='100' \/>\t\t\t\t\t<p>Jussi Kinnula is a full Stack Developer from Helsinki. He is specialized in\u00a0modern JavaScript frameworks (AngularJS, Angular 2, ImmutableJS), and on back end side, Perl 5\/Catalyst, NodeJS, PHP.<\/p>\n\t\t\t\t<\/div>\n\t\t\t<\/div>\n\n\t\t\n\t\t\t<!-- Organizers note: The id attribute is deprecated and only remains for backwards compatibility, please use the corresponding class to target individual speakers -->\n\t\t\t<div id=\"wcorg-speaker-nikolay-bachiyski\" class=\"wcorg-speaker wcorg-speaker-nikolay-bachiyski\">\n\t\t\t\t<h2>\n\t\t\t\t\t\n\t\t\t\t\t\tNikolay Bachiyski\n\t\t\t\t\t\t\t\t\t<\/h2>\n\n\t\t\t\t<div class=\"wcorg-speaker-description\">\n\t\t\t\t\t<img alt='' src='https:\/\/secure.gravatar.com\/avatar\/6a5f2e886fa8d86875afe84838cf0e17ec5a52f233b40ccbe5c0dd0eff3ae3f7?s=100&#038;d=mm&#038;r=g' srcset='https:\/\/secure.gravatar.com\/avatar\/6a5f2e886fa8d86875afe84838cf0e17ec5a52f233b40ccbe5c0dd0eff3ae3f7?s=200&#038;d=mm&#038;r=g 2x' class='avatar avatar-100 photo' height='100' width='100' \/>\t\t\t\t\t<p>In 1984, a scientist attempted to clone a bear with brain tissue extracted from Albert Einstien\u2019s rotting corpse. The result was a resounding success: Bulgarian superhero Nikolay Bachiyski was born. Now, many years later Nikolay works at Automattic and helps to improve developer knowledge throughout the world as a core contributor and Security Czar for the WordPress project.<\/p>\n\t\t\t\t<\/div>\n\t\t\t<\/div>\n\n\t\t\n\t\t\t<!-- Organizers note: The id attribute is deprecated and only remains for backwards compatibility, please use the corresponding class to target individual speakers -->\n\t\t\t<div id=\"wcorg-speaker-janne-ala-aijala\" class=\"wcorg-speaker wcorg-speaker-janne-ala-aijala\">\n\t\t\t\t<h2>\n\t\t\t\t\t\n\t\t\t\t\t\tJanne Ala-\u00c4ij\u00e4l\u00e4\n\t\t\t\t\t\t\t\t\t<\/h2>\n\n\t\t\t\t<div class=\"wcorg-speaker-description\">\n\t\t\t\t\t<img alt='' src='https:\/\/secure.gravatar.com\/avatar\/a2b38383e426392e0c0238c2f1924f00d54005ad2d1055aff5a63fb8fd49b3da?s=100&#038;d=mm&#038;r=g' srcset='https:\/\/secure.gravatar.com\/avatar\/a2b38383e426392e0c0238c2f1924f00d54005ad2d1055aff5a63fb8fd49b3da?s=200&#038;d=mm&#038;r=g 2x' class='avatar avatar-100 photo' height='100' width='100' \/>\t\t\t\t\t<p>Janne Ala-\u00c4ij\u00e4l\u00e4 is a handyman of internet, working as a Senior Web Developer at Aucor. With a strong software development background and experience with other web platforms he&#8217;s eager to take the most out of WordPress to make the internet a better place.<\/p>\n\t\t\t\t<\/div>\n\t\t\t<\/div>\n\n\t\t\n\t\t\t<!-- Organizers note: The id attribute is deprecated and only remains for backwards compatibility, please use the corresponding class to target individual speakers -->\n\t\t\t<div id=\"wcorg-speaker-jenn-schlick\" class=\"wcorg-speaker wcorg-speaker-jenn-schlick\">\n\t\t\t\t<h2>\n\t\t\t\t\t\n\t\t\t\t\t\tJenn Schlick\n\t\t\t\t\t\t\t\t\t<\/h2>\n\n\t\t\t\t<div class=\"wcorg-speaker-description\">\n\t\t\t\t\t<img alt='' src='https:\/\/secure.gravatar.com\/avatar\/f6e19080e6f23dfb29d32ffcdf2a52c82c2cff61be28baeec69d913bde700460?s=100&#038;d=mm&#038;r=g' srcset='https:\/\/secure.gravatar.com\/avatar\/f6e19080e6f23dfb29d32ffcdf2a52c82c2cff61be28baeec69d913bde700460?s=200&#038;d=mm&#038;r=g 2x' class='avatar avatar-100 photo' height='100' width='100' \/>\t\t\t\t\t<p>Jenn Schlick is the web manager at the Massachusetts of Technology (MIT) Energy Initiative. She works closely with the Initiative&#8217;s communications team, managing web projects and web education efforts. She has a decade of experience working in web technologies, including WordPress. Jenn is passionate about CSS, responsive design, and solving complex front-end problems.<\/p>\n\t\t\t\t<\/div>\n\t\t\t<\/div>\n\n\t\t\n\t\t\t<!-- Organizers note: The id attribute is deprecated and only remains for backwards compatibility, please use the corresponding class to target individual speakers -->\n\t\t\t<div id=\"wcorg-speaker-otto-kekalainen\" class=\"wcorg-speaker wcorg-speaker-otto-kekalainen\">\n\t\t\t\t<h2>\n\t\t\t\t\t\n\t\t\t\t\t\tOtto Kek\u00e4l\u00e4inen\n\t\t\t\t\t\t\t\t\t<\/h2>\n\n\t\t\t\t<div class=\"wcorg-speaker-description\">\n\t\t\t\t\t<img alt='' src='https:\/\/secure.gravatar.com\/avatar\/6f7902115e89bff8ebe8349e2e26ba61b6a7a6ce4686d76ea4fa8082f45f6dfd?s=100&#038;d=mm&#038;r=g' srcset='https:\/\/secure.gravatar.com\/avatar\/6f7902115e89bff8ebe8349e2e26ba61b6a7a6ce4686d76ea4fa8082f45f6dfd?s=200&#038;d=mm&#038;r=g 2x' class='avatar avatar-100 photo' height='100' width='100' \/>\t\t\t\t\t<p>Otto Kek\u00e4l\u00e4inen is the CEO of Seravo Oy, CEO of the MariaDB Foundation and the chairman of the FUUG Foundation. Otto has been using Linux and other open source technologies for over 15 years, and has been advocating open source for almost as long. Otto\u2019s first blog in 2004 was made with WordPress, and since the inception of WP-palvelu.fi Otto has been deeply involved with WordPress. As a software developer Otto has insight into the technical side of open source, and as a CEO and entrepreneur he also knows how to use open source in business successfully. Otto likes to share his experiences on how to use open source to its full potential and how the world can keep increasing the benefits of open source software and its methodologies.<\/p>\n\t\t\t\t<\/div>\n\t\t\t<\/div>\n\n\t\t\n\t\t\t<!-- Organizers note: The id attribute is deprecated and only remains for backwards compatibility, please use the corresponding class to target individual speakers -->\n\t\t\t<div id=\"wcorg-speaker-mari-orpana\" class=\"wcorg-speaker wcorg-speaker-mari-orpana\">\n\t\t\t\t<h2>\n\t\t\t\t\t\n\t\t\t\t\t\tMari Orpana\n\t\t\t\t\t\t\t\t\t<\/h2>\n\n\t\t\t\t<div class=\"wcorg-speaker-description\">\n\t\t\t\t\t<img alt='' src='https:\/\/secure.gravatar.com\/avatar\/4c898d6d8609cccebcee778559ee3ef8c3130e9aad3ac15d02442796cb8826f7?s=100&#038;d=mm&#038;r=g' srcset='https:\/\/secure.gravatar.com\/avatar\/4c898d6d8609cccebcee778559ee3ef8c3130e9aad3ac15d02442796cb8826f7?s=200&#038;d=mm&#038;r=g 2x' class='avatar avatar-100 photo' height='100' width='100' \/>\t\t\t\t\t<p>Mari Orpana on Contrastin operatiivinen johtaja, joka innostuu upeista WordPress-toteutuksista, markkinoinnista ja yhdess\u00e4 tekemisest\u00e4.<\/p>\n<p>Mari Orpana is the COO of Contrast. She is enthusiastic about wonderful WordPress implementations, marketing and working in a team.<\/p>\n\t\t\t\t<\/div>\n\t\t\t<\/div>\n\n\t\t\n\t\t\t<!-- Organizers note: The id attribute is deprecated and only remains for backwards compatibility, please use the corresponding class to target individual speakers -->\n\t\t\t<div id=\"wcorg-speaker-mikko-saari\" class=\"wcorg-speaker wcorg-speaker-mikko-saari\">\n\t\t\t\t<h2>\n\t\t\t\t\t\n\t\t\t\t\t\tMikko Saari\n\t\t\t\t\t\t\t\t\t<\/h2>\n\n\t\t\t\t<div class=\"wcorg-speaker-description\">\n\t\t\t\t\t<img alt='' src='https:\/\/secure.gravatar.com\/avatar\/da1872b45f2e9bc6c66ff94d1d99d6fbb3bf7d3af5b5c1eeb870384fb7da3881?s=100&#038;d=mm&#038;r=g' srcset='https:\/\/secure.gravatar.com\/avatar\/da1872b45f2e9bc6c66ff94d1d99d6fbb3bf7d3af5b5c1eeb870384fb7da3881?s=200&#038;d=mm&#038;r=g 2x' class='avatar avatar-100 photo' height='100' width='100' \/>\t\t\t\t\t<p>Mikko Saari is the CEO at Painava sana oy and the developer of <a href=\"https:\/\/wordpress.org\/plugins\/relevanssi\/\">Relevanssi plugin<\/a> for WP. He is born in 1980, an active WP developer since ~2009.<\/p>\n\t\t\t\t<\/div>\n\t\t\t<\/div>\n\n\t\t\n\t\t\t<!-- Organizers note: The id attribute is deprecated and only remains for backwards compatibility, please use the corresponding class to target individual speakers -->\n\t\t\t<div id=\"wcorg-speaker-natanael-sinisalo\" class=\"wcorg-speaker wcorg-speaker-natanael-sinisalo\">\n\t\t\t\t<h2>\n\t\t\t\t\t\n\t\t\t\t\t\tNatanael Sinisalo\n\t\t\t\t\t\t\t\t\t<\/h2>\n\n\t\t\t\t<div class=\"wcorg-speaker-description\">\n\t\t\t\t\t<img alt='' src='https:\/\/secure.gravatar.com\/avatar\/f794284c52095a24552a582311351db00d5928f4e4ff4c1f987b8548e3d7cffb?s=100&#038;d=mm&#038;r=g' srcset='https:\/\/secure.gravatar.com\/avatar\/f794284c52095a24552a582311351db00d5928f4e4ff4c1f987b8548e3d7cffb?s=200&#038;d=mm&#038;r=g 2x' class='avatar avatar-100 photo' height='100' width='100' \/>\t\t\t\t\t<p>Natanael Sinisalo has\u00a0been working on WordPress for the past 7 years and for the past 4 years he has also been co-running a small digital\/WordPress agency called MEOM where he currently work as a CTO. He also runs Jyv\u00e4skyl\u00e4 WordPress Meetups.<\/p>\n\t\t\t\t<\/div>\n\t\t\t<\/div>\n\n\t\t\n\t<\/div>\n\n\t<\/span><\/p>\n","protected":false},"excerpt":{"rendered":"","protected":false},"author":12049518,"featured_media":0,"parent":0,"menu_order":0,"comment_status":"closed","ping_status":"closed","template":"","meta":{"jetpack_post_was_ever_published":false,"footnotes":""},"class_list":["post-8","page","type-page","status-publish","hentry"],"jetpack_sharing_enabled":true,"jetpack_shortlink":"https:\/\/wp.me\/P726F2-8","_links":{"self":[{"href":"https:\/\/finland.wordcamp.org\/2016\/wp-json\/wp\/v2\/pages\/8","targetHints":{"allow":["GET"]}}],"collection":[{"href":"https:\/\/finland.wordcamp.org\/2016\/wp-json\/wp\/v2\/pages"}],"about":[{"href":"https:\/\/finland.wordcamp.org\/2016\/wp-json\/wp\/v2\/types\/page"}],"author":[{"embeddable":true,"href":"https:\/\/finland.wordcamp.org\/2016\/wp-json\/wp\/v2\/users\/12049518"}],"replies":[{"embeddable":true,"href":"https:\/\/finland.wordcamp.org\/2016\/wp-json\/wp\/v2\/comments?post=8"}],"version-history":[{"count":2,"href":"https:\/\/finland.wordcamp.org\/2016\/wp-json\/wp\/v2\/pages\/8\/revisions"}],"predecessor-version":[{"id":919,"href":"https:\/\/finland.wordcamp.org\/2016\/wp-json\/wp\/v2\/pages\/8\/revisions\/919"}],"wp:attachment":[{"href":"https:\/\/finland.wordcamp.org\/2016\/wp-json\/wp\/v2\/media?parent=8"}],"curies":[{"name":"wp","href":"https:\/\/api.w.org\/{rel}","templated":true}]}}